se 89 = 4*l - 955. What is the greatest common factor of s and l?
29
Let v = 433 - 253. What is the greatest common divisor of 40 and v?
20
Let y = -5 - -10. Suppose 130 = 3*l - y*w, 0 = l - 5*w - 20 - 10. Let r = 10 + 0. What is the highest common factor of l and r?
10
Suppose -5*r - 3*q = -13, 0 = 5*r - q - 3*q - 41. Let c(b) = -b**2 + 18*b - 10. Let h be c(r). Calculate the greatest common divisor of h and 5.
5
Let i = 430 + -380. What is the greatest common divisor of i and 75?
25
Suppose -3*y - 2 = 34. Let z = 14 - y. What is the greatest common factor of 13 and z?
13
Suppose 2*q = 5*z - 61, -36 = -3*z - 0*q + q. Suppose 13 = c - z. Let m = -3 - -15. Calculate the greatest common factor of c and m.
12
Suppose -212*d + 209*d + 93 = 0. Calculate the greatest common factor of d and 217.
31
Suppose 4*d = d + 36. Suppose -39*c + 40*c = d. What is the greatest common divisor of c and 4?
4
Let u = 85 - 73. Suppose -218 = -2*i - 2*s, 5*s = 7 - 2. Calculate the greatest common factor of i and u.
12
Suppose 2*n + 2*r - 36 = 0, n + 3*r - r = 16. Calculate the highest common factor of n and 130.
10
Suppose 9*j = -0*j + 1854. Suppose y - j + 41 = -5*a, y + 33 = a. Calculate the greatest common factor of 11 and a.
11
Let c be (-7 - -11)/((-1)/(-2)). Calculate the greatest common divisor of c and 128.
8
Suppose 6*h + 2*j - 54 = h, h = -5*j - 3. Let k(i) = -2*i + 12. Let o be k(0). Calculate the greatest common factor of o and h.
12
Suppose 74*q - 360 = 64*q. Let l be (84/(-15))/((-2)/90). Calculate the highest common factor of l and q.
36
Suppose -67*z + 52*z + 1575 = 0. Let x be (-14)/8*(-15 + 3). Calculate the greatest common factor of z and x.
21
Let r(u) = 3*u**2 - 66*u - 125. Let g be r(25). What is the highest common factor of g and 180?
20
Let c = -2 + 5. Let l be (-20 - c/1) + 2. Let b be -2 + (-8)/6*l. Calculate the highest common factor of b and 182.
26
Let d(m) = -2*m**3 + 2*m**2 + 2*m + 8. Let f be d(4). Let i = 94 + f. Calculate the greatest common factor of 14 and i.
14
Let t(c) = -5*c + 155. Let z be t(30). Calculate the greatest common divisor of 905 and z.
5
Let p be 74/(-9) + (-4)/(-18). Let l(f) = 2*f + 16. Let t be l(p). Suppose t*m - 3*a + 1 = 2*m, -9 = -2*m + 5*a. What is the highest common factor of 2 and m?
2
Let d(c) = 36*c + 652. Let m be d(-17). Calculate the greatest common factor of 370 and m.
10
Let w(r) = r**3 - 7*r**2 + r + 6. Let b(c) = c**3 - 7*c**2 - 7*c - 1. Let a be b(8). Let d be w(a). Calculate the highest common divisor of 39 and d.
13
Let x = -30 + 30. Let w(o) = o**3 - o**2 + 19. Let p be w(x). Calculate the highest common divisor of p and 38.
19
Suppose -54 = -55*l + 53*l. What is the greatest common divisor of 105 and l?
3
Suppose a - 5*l + 14 = 0, -5*a = -3*l - 67 + 71. Let q = -2 - -3. What is the greatest common factor of q and a?
1
Suppose 35*h = 21*h + 1694. Calculate the highest common divisor of h and 99.
11
Let q be 4 - (-1 + 2 - 7). Let i(n) = -2*n + 30. Let y be i(q). Calculate the greatest common factor of y and 170.
10
Suppose -21 = -3*z - 3*a + 18, -2*z = a - 29. Let f(v) = -v**3 - 10*v**2 - 3*v - 6. Let u be f(-10). What is the greatest common factor of z and u?
8
Let t(r) = 204*r + 5. Let k be t(-1). Let b = 423 + k. What is the greatest common divisor of b and 32?
32
Suppose t + 24 = 2*k - 43, -5*t - 143 = -4*k. What is the greatest common factor of k and 24?
8
Suppose -z - 2*z + 171 = -d, -228 = -4*z + 4*d. Suppose 0 = 3*g + z - 159. What is the highest common divisor of g and 51?
17
Suppose 35 = 9*v - 10. Let j be (v + -2)/((-27)/(-342)). Calculate the greatest common divisor of 19 and j.
19
Suppose -k + 38 = 5*f + 19, -4*k = -f - 13. Calculate the highest common divisor of 20 and k.
4
Let u be (-3 + 1)*(-7)/14. Suppose -13 - u = 2*m. Let r(j) = -j**2 - 6*j + 18. Let s be r(m). What is the highest common divisor of 99 and s?
11
Let b be (-5)/20 - 159/(-12). Let r = b + 6. What is the highest common factor of r and 38?
19
Suppose -3*v - m = -4 - 42, 0 = 3*v - m - 38. Let n = 8 - 8. Suppose n = -i + 35 + 7. Calculate the highest common divisor of i and v.
14
Let v be (-1)/(-1)*-4 - (1 + -5). Let d be 16/(v + (-4)/(-4)). Let k(u) = -u**2 + 7*u - 2. Let y be k(6). Calculate the greatest common divisor of y and d.
4
Let m(w) = -4*w + 172. Let y be m(-2). Calculate the highest common factor of 72 and y.
36
Let a(q) = 14*q**2 - 16*q - 6. Let t be a(7). Let y = t - 381. Let b(d) = 3*d - 1. Let f be b(6). What is the highest common divisor of f and y?
17
Suppose 12*x - 214 = -22. Let p = -45 - -77. Calculate the highest common divisor of x and p.
16
Let n(v) = -20*v - 258. Let w be n(-29). Calculate the highest common factor of 23 and w.
23
Let m be 45 - (1 + -1)*1. Let y be (39/2)/(21/14). Suppose -6*q + 17 = -y. Calculate the highest common divisor of q and m.
5
Let q = 359 + -67. Suppose 4*a - q = -108. What is the highest common divisor of 184 and a?
46
Suppose 0 = 3*d - 3*n - 9, 0*n + 16 = -3*d - 2*n. Let z = d - -6. Let k be (-2 - -1) + 2 + 7. What is the greatest common factor of k and z?
4
Let j = -207 + 264. Calculate the greatest common divisor of 627 and j.
57
Let l = 208 + -98. What is the greatest common divisor of 165 and l?
55
Let b(h) = 9*h - 16. Let j(w) = -5*w + 8. Let p(x) = -6*b(x) - 11*j(x). Let c be p(-4). Calculate the greatest common divisor of 2 and c.
2
Suppose -68*r - 655 = -73*r + 4*s, 3*s - 285 = -2*r. Calculate the greatest common factor of 120 and r.
15
Let t = 36 + -3. Let p = -27 + t. Suppose -2*b + p*k = 5*k - 88, 44 = b - 3*k. Calculate the greatest common divisor of b and 11.
11
Let v(t) = t**3 - 14*t**2 + 13*t - 6. Let i be v(13). Let c be 15/i*24/(-3). Calculate the greatest common divisor of 140 and c.
20
Let o(w) = 57*w + 4. Let m be o(1). What is the greatest common factor of 610 and m?
61
Let v(p) = 6*p + 4. Suppose 7*r + 2*r - 36 = 0. Let a be v(r). Calculate the greatest common divisor of 28 and a.
28
Let o be (-12)/(3 - ((-95)/(-20) + -1)). What is the greatest common divisor of 48 and o?
16
Let r(q) = q**2 - 8*q - 10. Let x be r(10). Suppose -30 = x*j - 20*j. Calculate the highest common factor of 12 and j.
3
Suppose -556 + 1996 = 72*o. Let b = 4 - 0. What is the highest common divisor of o and b?
4
Suppose -2*b = -4*x - 42, 0*b = -4*x + b - 37. Let p = 35 + x. Let r = -11 + p. Calculate the highest common divisor of r and 2.
2
Let m be 1*11 - (-44)/(-22). Suppose 11*b = m + 13. What is the highest common divisor of b and 5?
1
Let s(m) be the third derivative of m**4/24 + 17*m**3/6 + 12*m**2. Let c be s(-13). Calculate the greatest common factor of 2 and c.
2
Let r = -1879 + 2129. Calculate the greatest common factor of 4 and r.
2
Let k be 3 + 0/4 - 20. Let z = k + 18. Suppose 3*a + 3*h = 36, -a + 2*h + z = -2. Calculate the highest common factor of a and 27.
9
Let z = -113 - -143. Suppose -2*f = 2*b - 174, 5*b - 92 = -3*f + 349. Calculate the greatest common divisor of z and b.
30
Suppose 213 - 1053 = -10*h. Calculate the greatest common factor of h and 378.
42
Suppose 0 = -5*n + 4*o + 3, n + 0*n - o - 1 = 0. Let h be (-2)/n + (0 - -1). Let z be (2/(-8))/(4/(-16)). Calculate the greatest common factor of z and h.
1
Suppose -2*g - 129 = -327. Let u = -459 - -470. What is the greatest common divisor of u and g?
11
Suppose -6*j + 216 = 24. Let w(z) = -19*z - 29. Let b be w(-15). What is the greatest common divisor of b and j?
32
Let n = 576 - 276. What is the highest common divisor of n and 96?
12
Suppose -15610 = -28*m - 4018. What is the highest common divisor of 18 and m?
18
Let a be (3 + 52/(-12))/(1/(-18)). Suppose 28*f - a*f - 48 = 0. What is the greatest common divisor of f and 96?
12
Suppose 5*t = 5*j - 530, -55*t - 534 = -5*j - 51*t. Calculate the highest common divisor of 352 and j.
22
Suppose 0 = -2*j + 35 + 27. Suppose -o - 2*h = -3, 24*o - 2*h + 36 = 28*o. Let t = j - o. Calculate the highest common factor of t and 10.
10
Let y be 46/((-106)/(-26) + (-5 - -1)). What is the greatest common divisor of 26 and y?
26
Let w(o) = o + 479. Let p be w(13). Calculate the highest common divisor of 8 and p.
4
Let l = 20 - 5. Suppose -5*m + l = -2*m. Let r = 1 + m. Calculate the greatest common divisor of r and 30.
6
Let j = 92 + -84. Suppose 0 = 2*v - 